{"id":256,"date":"2025-11-17T00:00:02","date_gmt":"2025-11-17T00:00:02","guid":{"rendered":"https:\/\/cetprofeyalegria23.edu.pe\/?page_id=256"},"modified":"2025-11-17T05:09:58","modified_gmt":"2025-11-17T05:09:58","slug":"vision-y-mision","status":"publish","type":"page","link":"https:\/\/cetprofeyalegria23.edu.pe\/index.php\/vision-y-mision\/","title":{"rendered":"Misi\u00f3n y Visi\u00f3n"},"content":{"rendered":"\n<h2 class=\"wp-block-heading has-cm-color-3-color has-cm-color-2-background-color has-text-color has-background has-link-color wp-elements-b3226bed3a4fb3531ffbb9598ed2473d\">Misi\u00f3n y Visi\u00f3n<\/h2>\n\n\n\n<div class=\"wp-block-group is-layout-constrained wp-block-group-is-layout-constrained\">\n<div class=\"wp-block-columns is-layout-flex wp-container-core-columns-is-layout-28f84493 wp-block-columns-is-layout-flex\">\n<div class=\"wp-block-column is-layout-flow wp-block-column-is-layout-flow\">\n<h2 class=\"wp-block-heading\">Misi\u00f3n<\/h2>\n\n\n\n<p style=\"text-align: justify;\">Somos una Instituci\u00f3n Educativa T\u00e9cnico Productiva de la Organizaci\u00f3n Fe y Alegr\u00eda, que fomentamos el esp\u00edritu de aprender y aprender a emprender a j\u00f3venes y adultos desempleados mediante un sistema que articula la oferta educativa con la demanda laboral y el desarrollo de nuestra localidad.<\/p>\n<\/div>\n<\/div>\n\n\n\n<div class=\"wp-block-columns is-layout-flex wp-container-core-columns-is-layout-28f84493 wp-block-columns-is-layout-flex\">\n<div class=\"wp-block-column is-layout-flow wp-block-column-is-layout-flow\">\n<h2 class=\"wp-block-heading\">Visi\u00f3n<\/h2>\n\n\n\n<p style=\"text-align: justify;\">Ser un CETPRO licenciado, que contribuya a que los estudiantes se empoderen a trav\u00e9s de la formaci\u00f3n t\u00e9cnica y avance tecnol\u00f3gico, para la empleabilidad y emprendimiento, formando estudiantes cr\u00edticos con s\u00f3lidos principios en valores, \u00e9tica y habilidades sociales; que ser una instituci\u00f3n que contribuya al desarrollo educativo, econ\u00f3mico productivo y social de nuestro entorno regional y local.<\/p>\n\n\n\n<p style=\"text-align: justify;\">Implementar el modelo de gesti\u00f3n escolar aut\u00f3noma mediante un proceso de trabajo participativo y colaborativo con todos los integrantes de la comunidad educativa de nuestra instituci\u00f3n educativa<\/p>\n<\/div>\n<\/div>\n<\/div>\n\n\n\n<hr class=\"wp-block-separator has-alpha-channel-opacity\"\/>\n","protected":false},"excerpt":{"rendered":"<p>Misi\u00f3n y Visi\u00f3n Misi\u00f3n Somos una Instituci\u00f3n Educativa T\u00e9cnico Productiva de la Organizaci\u00f3n Fe y Alegr\u00eda, que fomentamos el esp\u00edritu<\/p>\n","protected":false},"author":1,"featured_media":0,"parent":0,"menu_order":0,"comment_status":"closed","ping_status":"closed","template":"","meta":{"colormag_page_container_layout":"default_layout","colormag_page_sidebar_layout":"default_layout","footnotes":""},"class_list":["post-256","page","type-page","status-publish","hentry"],"_links":{"self":[{"href":"https:\/\/cetprofeyalegria23.edu.pe\/index.php\/wp-json\/wp\/v2\/pages\/256","targetHints":{"allow":["GET"]}}],"collection":[{"href":"https:\/\/cetprofeyalegria23.edu.pe\/index.php\/wp-json\/wp\/v2\/pages"}],"about":[{"href":"https:\/\/cetprofeyalegria23.edu.pe\/index.php\/wp-json\/wp\/v2\/types\/page"}],"author":[{"embeddable":true,"href":"https:\/\/cetprofeyalegria23.edu.pe\/index.php\/wp-json\/wp\/v2\/users\/1"}],"replies":[{"embeddable":true,"href":"https:\/\/cetprofeyalegria23.edu.pe\/index.php\/wp-json\/wp\/v2\/comments?post=256"}],"version-history":[{"count":6,"href":"https:\/\/cetprofeyalegria23.edu.pe\/index.php\/wp-json\/wp\/v2\/pages\/256\/revisions"}],"predecessor-version":[{"id":304,"href":"https:\/\/cetprofeyalegria23.edu.pe\/index.php\/wp-json\/wp\/v2\/pages\/256\/revisions\/304"}],"wp:attachment":[{"href":"https:\/\/cetprofeyalegria23.edu.pe\/index.php\/wp-json\/wp\/v2\/media?parent=256"}],"curies":[{"name":"wp","href":"https:\/\/api.w.org\/{rel}","templated":true}]}}