{"id":255,"date":"2025-11-17T00:00:02","date_gmt":"2025-11-17T00:00:02","guid":{"rendered":"https:\/\/cetprofeyalegria23.edu.pe\/?page_id=255"},"modified":"2025-11-17T05:12:14","modified_gmt":"2025-11-17T05:12:14","slug":"nosotros","status":"publish","type":"page","link":"https:\/\/cetprofeyalegria23.edu.pe\/index.php\/nosotros\/","title":{"rendered":"Nosotros"},"content":{"rendered":"\n<h2 class=\"wp-block-heading has-cm-color-3-color has-cm-color-2-background-color has-text-color has-background has-link-color wp-elements-b80f5d6eb0972ea13d00c9e96f210736\">NOSOTROS<\/h2>\n\n\n\n<div class=\"wp-block-group is-layout-constrained wp-block-group-is-layout-constrained\">\n<div class=\"wp-block-columns is-layout-flex wp-container-core-columns-is-layout-28f84493 wp-block-columns-is-layout-flex\">\n<div class=\"wp-block-column is-vertically-aligned-center is-layout-constrained wp-block-column-is-layout-constrained\">\n<figure class=\"wp-block-image aligncenter size-large\"><img loading=\"lazy\" decoding=\"async\" width=\"1024\" height=\"768\" src=\"https:\/\/cetprofeyalegria23.edu.pe\/wp-content\/uploads\/2025\/11\/DOCENTES-1024x768.jpeg\" alt=\"\" class=\"wp-image-263\" style=\"aspect-ratio:16\/9;object-fit:cover\" srcset=\"https:\/\/cetprofeyalegria23.edu.pe\/wp-content\/uploads\/2025\/11\/DOCENTES-1024x768.jpeg 1024w, https:\/\/cetprofeyalegria23.edu.pe\/wp-content\/uploads\/2025\/11\/DOCENTES-300x225.jpeg 300w, https:\/\/cetprofeyalegria23.edu.pe\/wp-content\/uploads\/2025\/11\/DOCENTES-768x576.jpeg 768w, https:\/\/cetprofeyalegria23.edu.pe\/wp-content\/uploads\/2025\/11\/DOCENTES-1536x1152.jpeg 1536w, https:\/\/cetprofeyalegria23.edu.pe\/wp-content\/uploads\/2025\/11\/DOCENTES.jpeg 1600w\" sizes=\"auto, (max-width: 1024px) 100vw, 1024px\" \/><\/figure>\n<\/div>\n\n\n\n<div class=\"wp-block-column is-layout-flow wp-block-column-is-layout-flow\">\n<div class=\"wp-block-group is-vertical is-content-justification-stretch is-layout-flex wp-container-core-group-is-layout-353c4f5a wp-block-group-is-layout-flex\">\n<p class=\"has-text-align-center\"><p style=\"text-align: justify;\">Bienvenidos a nuestro portal institucional en nombre de la comunidad educativa CETPRO FE Y ALEGRIA N\u00b0 23. Somos una instituci\u00f3n educativa que forma parte del Movimiento de Educaci\u00f3n Popular de Fe y Alegr\u00eda, que pretende contribuir al desarrollo personal y profesional, de aquellas personas con vocaci\u00f3n por las carreras que ofrecemos.<\/p><\/p>\n\n\n\n<p class=\"has-text-align-center\"><p style=\"text-align: justify;\">Nos proponemos ser una fuente de informaci\u00f3n y de colaboraci\u00f3n para nuestra comunidad educativa, el p\u00fablico en general, los representantes de instituciones p\u00fablicas, privadas y empresas que quieran apoyar en la mejora de la educaci\u00f3n t\u00e9cnica y para el logro la inserci\u00f3n social y laboral de nuestros estudiantes.<\/p><\/p>\n<\/div>\n<\/div>\n<\/div>\n<\/div>\n\n\n\n<hr class=\"wp-block-separator has-alpha-channel-opacity\"\/>\n\n\n\n<div class=\"wp-block-group is-layout-constrained wp-block-group-is-layout-constrained\">\n<h2 class=\"wp-block-heading has-text-align-center has-cm-color-3-color has-cm-color-2-background-color has-text-color has-background has-link-color wp-elements-f1e93e7afc18b3328f02e0d1901497ab\">PLANA DOCENTE<\/h2>\n\n\n\n<div class=\"wp-block-columns is-layout-flex wp-container-core-columns-is-layout-28f84493 wp-block-columns-is-layout-flex\">\n<div class=\"wp-block-column is-vertically-aligned-top is-layout-flow wp-block-column-is-layout-flow\" style=\"flex-basis:25%\">\n<figure class=\"wp-block-image size-large\"><img loading=\"lazy\" decoding=\"async\" width=\"1024\" height=\"1024\" src=\"https:\/\/cetprofeyalegria23.edu.pe\/wp-content\/uploads\/2025\/11\/IMAGEN-ICONO-PERSONA-1024x1024.jpg\" alt=\"\" class=\"wp-image-272\" style=\"aspect-ratio:1;object-fit:cover\" srcset=\"https:\/\/cetprofeyalegria23.edu.pe\/wp-content\/uploads\/2025\/11\/IMAGEN-ICONO-PERSONA-1024x1024.jpg 1024w, https:\/\/cetprofeyalegria23.edu.pe\/wp-content\/uploads\/2025\/11\/IMAGEN-ICONO-PERSONA-300x300.jpg 300w, https:\/\/cetprofeyalegria23.edu.pe\/wp-content\/uploads\/2025\/11\/IMAGEN-ICONO-PERSONA-150x150.jpg 150w, https:\/\/cetprofeyalegria23.edu.pe\/wp-content\/uploads\/2025\/11\/IMAGEN-ICONO-PERSONA-768x768.jpg 768w, https:\/\/cetprofeyalegria23.edu.pe\/wp-content\/uploads\/2025\/11\/IMAGEN-ICONO-PERSONA.jpg 1280w\" sizes=\"auto, (max-width: 1024px) 100vw, 1024px\" \/><figcaption class=\"wp-element-caption\">PROF. ELIZABETH J. PIO SALSAVILCA<\/figcaption><\/figure>\n\n\n\n<p class=\"has-text-align-center has-dm-sans-font-family has-small-font-size\"><strong>ESTETICA PERSONAL<\/strong><\/p>\n<\/div>\n\n\n\n<div class=\"wp-block-column is-layout-flow wp-block-column-is-layout-flow\" style=\"flex-basis:25%\">\n<figure class=\"wp-block-image size-large\"><img loading=\"lazy\" decoding=\"async\" width=\"1024\" height=\"1024\" src=\"https:\/\/cetprofeyalegria23.edu.pe\/wp-content\/uploads\/2025\/11\/IMAGEN-ICONO-PERSONA-1024x1024.jpg\" alt=\"\" class=\"wp-image-272\" style=\"aspect-ratio:1;object-fit:cover\" srcset=\"https:\/\/cetprofeyalegria23.edu.pe\/wp-content\/uploads\/2025\/11\/IMAGEN-ICONO-PERSONA-1024x1024.jpg 1024w, https:\/\/cetprofeyalegria23.edu.pe\/wp-content\/uploads\/2025\/11\/IMAGEN-ICONO-PERSONA-300x300.jpg 300w, https:\/\/cetprofeyalegria23.edu.pe\/wp-content\/uploads\/2025\/11\/IMAGEN-ICONO-PERSONA-150x150.jpg 150w, https:\/\/cetprofeyalegria23.edu.pe\/wp-content\/uploads\/2025\/11\/IMAGEN-ICONO-PERSONA-768x768.jpg 768w, https:\/\/cetprofeyalegria23.edu.pe\/wp-content\/uploads\/2025\/11\/IMAGEN-ICONO-PERSONA.jpg 1280w\" sizes=\"auto, (max-width: 1024px) 100vw, 1024px\" \/><figcaption class=\"wp-element-caption\">PROF. ALEJANDRINA SULCA GUTIERREZ<\/figcaption><\/figure>\n\n\n\n<p class=\"has-text-align-center has-dm-sans-font-family has-small-font-size\"><strong>CORTE Y ENSAMBLAJE<\/strong><\/p>\n<\/div>\n\n\n\n<div class=\"wp-block-column is-layout-flow wp-block-column-is-layout-flow\" style=\"flex-basis:25%\">\n<figure class=\"wp-block-image size-large\"><img loading=\"lazy\" decoding=\"async\" width=\"1024\" height=\"1024\" src=\"https:\/\/cetprofeyalegria23.edu.pe\/wp-content\/uploads\/2025\/11\/IMAGEN-ICONO-PERSONA-1024x1024.jpg\" alt=\"\" class=\"wp-image-272\" style=\"aspect-ratio:1;object-fit:cover\" srcset=\"https:\/\/cetprofeyalegria23.edu.pe\/wp-content\/uploads\/2025\/11\/IMAGEN-ICONO-PERSONA-1024x1024.jpg 1024w, https:\/\/cetprofeyalegria23.edu.pe\/wp-content\/uploads\/2025\/11\/IMAGEN-ICONO-PERSONA-300x300.jpg 300w, https:\/\/cetprofeyalegria23.edu.pe\/wp-content\/uploads\/2025\/11\/IMAGEN-ICONO-PERSONA-150x150.jpg 150w, https:\/\/cetprofeyalegria23.edu.pe\/wp-content\/uploads\/2025\/11\/IMAGEN-ICONO-PERSONA-768x768.jpg 768w, https:\/\/cetprofeyalegria23.edu.pe\/wp-content\/uploads\/2025\/11\/IMAGEN-ICONO-PERSONA.jpg 1280w\" sizes=\"auto, (max-width: 1024px) 100vw, 1024px\" \/><figcaption class=\"wp-element-caption\">PROF. ANDREA ROSALES OSORIO<\/figcaption><\/figure>\n\n\n\n<p class=\"has-text-align-center has-dm-sans-font-family has-small-font-size\"><strong>CORTE Y ENSAMBLAJE<\/strong><\/p>\n<\/div>\n\n\n\n<div class=\"wp-block-column is-layout-flow wp-block-column-is-layout-flow\" style=\"flex-basis:25%\">\n<figure class=\"wp-block-image size-large\"><img loading=\"lazy\" decoding=\"async\" width=\"1024\" height=\"1024\" src=\"https:\/\/cetprofeyalegria23.edu.pe\/wp-content\/uploads\/2025\/11\/IMAGEN-ICONO-PERSONA-1024x1024.jpg\" alt=\"\" class=\"wp-image-272\" style=\"aspect-ratio:1;object-fit:cover\" srcset=\"https:\/\/cetprofeyalegria23.edu.pe\/wp-content\/uploads\/2025\/11\/IMAGEN-ICONO-PERSONA-1024x1024.jpg 1024w, https:\/\/cetprofeyalegria23.edu.pe\/wp-content\/uploads\/2025\/11\/IMAGEN-ICONO-PERSONA-300x300.jpg 300w, https:\/\/cetprofeyalegria23.edu.pe\/wp-content\/uploads\/2025\/11\/IMAGEN-ICONO-PERSONA-150x150.jpg 150w, https:\/\/cetprofeyalegria23.edu.pe\/wp-content\/uploads\/2025\/11\/IMAGEN-ICONO-PERSONA-768x768.jpg 768w, https:\/\/cetprofeyalegria23.edu.pe\/wp-content\/uploads\/2025\/11\/IMAGEN-ICONO-PERSONA.jpg 1280w\" sizes=\"auto, (max-width: 1024px) 100vw, 1024px\" \/><figcaption class=\"wp-element-caption\">PROF. SILVIA ESPINOZA HUAYNALAYA<\/figcaption><\/figure>\n\n\n\n<p class=\"has-text-align-center has-dm-sans-font-family has-small-font-size\"><strong>PANADER\u00cdA Y PASTELER\u00cdA<\/strong><\/p>\n<\/div>\n<\/div>\n\n\n\n<div class=\"wp-block-columns is-layout-flex wp-container-core-columns-is-layout-28f84493 wp-block-columns-is-layout-flex\">\n<div class=\"wp-block-column is-layout-flow wp-block-column-is-layout-flow\" style=\"flex-basis:25%\">\n<figure class=\"wp-block-image size-large\"><img loading=\"lazy\" decoding=\"async\" width=\"1024\" height=\"1024\" src=\"https:\/\/cetprofeyalegria23.edu.pe\/wp-content\/uploads\/2025\/11\/IMAGEN-ICONO-PERSONA-1024x1024.jpg\" alt=\"\" class=\"wp-image-272\" style=\"aspect-ratio:1;object-fit:cover\" srcset=\"https:\/\/cetprofeyalegria23.edu.pe\/wp-content\/uploads\/2025\/11\/IMAGEN-ICONO-PERSONA-1024x1024.jpg 1024w, https:\/\/cetprofeyalegria23.edu.pe\/wp-content\/uploads\/2025\/11\/IMAGEN-ICONO-PERSONA-300x300.jpg 300w, https:\/\/cetprofeyalegria23.edu.pe\/wp-content\/uploads\/2025\/11\/IMAGEN-ICONO-PERSONA-150x150.jpg 150w, https:\/\/cetprofeyalegria23.edu.pe\/wp-content\/uploads\/2025\/11\/IMAGEN-ICONO-PERSONA-768x768.jpg 768w, https:\/\/cetprofeyalegria23.edu.pe\/wp-content\/uploads\/2025\/11\/IMAGEN-ICONO-PERSONA.jpg 1280w\" sizes=\"auto, (max-width: 1024px) 100vw, 1024px\" \/><figcaption class=\"wp-element-caption\">PROF. MILAGROS ACOSTA ZAPANA<\/figcaption><\/figure>\n\n\n\n<p class=\"has-text-align-center has-dm-sans-font-family has-small-font-size\"><strong>HOSTELER\u00cdA Y TURISMO<\/strong><\/p>\n<\/div>\n\n\n\n<div class=\"wp-block-column is-layout-flow wp-block-column-is-layout-flow\" style=\"flex-basis:25%\">\n<figure class=\"wp-block-image size-large\"><img loading=\"lazy\" decoding=\"async\" width=\"1024\" height=\"1024\" src=\"https:\/\/cetprofeyalegria23.edu.pe\/wp-content\/uploads\/2025\/11\/IMAGEN-ICONO-PERSONA-1024x1024.jpg\" alt=\"\" class=\"wp-image-272\" style=\"aspect-ratio:1;object-fit:cover\" srcset=\"https:\/\/cetprofeyalegria23.edu.pe\/wp-content\/uploads\/2025\/11\/IMAGEN-ICONO-PERSONA-1024x1024.jpg 1024w, https:\/\/cetprofeyalegria23.edu.pe\/wp-content\/uploads\/2025\/11\/IMAGEN-ICONO-PERSONA-300x300.jpg 300w, https:\/\/cetprofeyalegria23.edu.pe\/wp-content\/uploads\/2025\/11\/IMAGEN-ICONO-PERSONA-150x150.jpg 150w, https:\/\/cetprofeyalegria23.edu.pe\/wp-content\/uploads\/2025\/11\/IMAGEN-ICONO-PERSONA-768x768.jpg 768w, https:\/\/cetprofeyalegria23.edu.pe\/wp-content\/uploads\/2025\/11\/IMAGEN-ICONO-PERSONA.jpg 1280w\" sizes=\"auto, (max-width: 1024px) 100vw, 1024px\" \/><figcaption class=\"wp-element-caption\">PROF. ALICIA DOMINGUEZ CAMPOS<\/figcaption><\/figure>\n\n\n\n<p class=\"has-text-align-center has-dm-sans-font-family has-small-font-size\"><strong>COMPUTACI\u00d3N E INFORM\u00c1TICA<\/strong><\/p>\n<\/div>\n\n\n\n<div class=\"wp-block-column is-layout-flow wp-block-column-is-layout-flow\" style=\"flex-basis:25%\">\n<figure class=\"wp-block-image size-large\"><img loading=\"lazy\" decoding=\"async\" width=\"1024\" height=\"1024\" src=\"https:\/\/cetprofeyalegria23.edu.pe\/wp-content\/uploads\/2025\/11\/IMAGEN-ICONO-PERSONA-1024x1024.jpg\" alt=\"\" class=\"wp-image-272\" style=\"aspect-ratio:1;object-fit:cover\" srcset=\"https:\/\/cetprofeyalegria23.edu.pe\/wp-content\/uploads\/2025\/11\/IMAGEN-ICONO-PERSONA-1024x1024.jpg 1024w, https:\/\/cetprofeyalegria23.edu.pe\/wp-content\/uploads\/2025\/11\/IMAGEN-ICONO-PERSONA-300x300.jpg 300w, https:\/\/cetprofeyalegria23.edu.pe\/wp-content\/uploads\/2025\/11\/IMAGEN-ICONO-PERSONA-150x150.jpg 150w, https:\/\/cetprofeyalegria23.edu.pe\/wp-content\/uploads\/2025\/11\/IMAGEN-ICONO-PERSONA-768x768.jpg 768w, https:\/\/cetprofeyalegria23.edu.pe\/wp-content\/uploads\/2025\/11\/IMAGEN-ICONO-PERSONA.jpg 1280w\" sizes=\"auto, (max-width: 1024px) 100vw, 1024px\" \/><figcaption class=\"wp-element-caption\">PROF. FIORELLA LAURA QUISPE<\/figcaption><\/figure>\n\n\n\n<p class=\"has-text-align-center has-dm-sans-font-family has-small-font-size\"><strong>PELUQUER\u00cdA Y BARBER\u00cdA<\/strong><\/p>\n<\/div>\n\n\n\n<div class=\"wp-block-column is-layout-flow wp-block-column-is-layout-flow\" style=\"flex-basis:25%\">\n<figure class=\"wp-block-image size-large\"><img loading=\"lazy\" decoding=\"async\" width=\"1024\" height=\"1024\" src=\"https:\/\/cetprofeyalegria23.edu.pe\/wp-content\/uploads\/2025\/11\/IMAGEN-ICONO-PERSONA-1024x1024.jpg\" alt=\"\" class=\"wp-image-272\" style=\"aspect-ratio:1;object-fit:cover\" srcset=\"https:\/\/cetprofeyalegria23.edu.pe\/wp-content\/uploads\/2025\/11\/IMAGEN-ICONO-PERSONA-1024x1024.jpg 1024w, https:\/\/cetprofeyalegria23.edu.pe\/wp-content\/uploads\/2025\/11\/IMAGEN-ICONO-PERSONA-300x300.jpg 300w, https:\/\/cetprofeyalegria23.edu.pe\/wp-content\/uploads\/2025\/11\/IMAGEN-ICONO-PERSONA-150x150.jpg 150w, https:\/\/cetprofeyalegria23.edu.pe\/wp-content\/uploads\/2025\/11\/IMAGEN-ICONO-PERSONA-768x768.jpg 768w, https:\/\/cetprofeyalegria23.edu.pe\/wp-content\/uploads\/2025\/11\/IMAGEN-ICONO-PERSONA.jpg 1280w\" sizes=\"auto, (max-width: 1024px) 100vw, 1024px\" \/><figcaption class=\"wp-element-caption\">PROF. NAYADE CONDORI ALARCON<\/figcaption><\/figure>\n\n\n\n<p class=\"has-text-align-center has-dm-sans-font-family has-small-font-size\"><strong>APOYO ADMINISTRATIVO<\/strong><\/p>\n<\/div>\n<\/div>\n\n\n\n<div class=\"wp-block-columns is-layout-flex wp-container-core-columns-is-layout-28f84493 wp-block-columns-is-layout-flex\">\n<div class=\"wp-block-column is-layout-flow wp-block-column-is-layout-flow\" style=\"flex-basis:25%\">\n<figure class=\"wp-block-image size-large\"><img loading=\"lazy\" decoding=\"async\" width=\"1024\" height=\"1024\" src=\"https:\/\/cetprofeyalegria23.edu.pe\/wp-content\/uploads\/2025\/11\/IMAGEN-ICONO-PERSONA-1024x1024.jpg\" alt=\"\" class=\"wp-image-272\" style=\"aspect-ratio:1;object-fit:cover\" srcset=\"https:\/\/cetprofeyalegria23.edu.pe\/wp-content\/uploads\/2025\/11\/IMAGEN-ICONO-PERSONA-1024x1024.jpg 1024w, https:\/\/cetprofeyalegria23.edu.pe\/wp-content\/uploads\/2025\/11\/IMAGEN-ICONO-PERSONA-300x300.jpg 300w, https:\/\/cetprofeyalegria23.edu.pe\/wp-content\/uploads\/2025\/11\/IMAGEN-ICONO-PERSONA-150x150.jpg 150w, https:\/\/cetprofeyalegria23.edu.pe\/wp-content\/uploads\/2025\/11\/IMAGEN-ICONO-PERSONA-768x768.jpg 768w, https:\/\/cetprofeyalegria23.edu.pe\/wp-content\/uploads\/2025\/11\/IMAGEN-ICONO-PERSONA.jpg 1280w\" sizes=\"auto, (max-width: 1024px) 100vw, 1024px\" \/><figcaption class=\"wp-element-caption\">PROF. IRIS MARLENI ROBLES GODOS<\/figcaption><\/figure>\n\n\n\n<p class=\"has-text-align-center has-dm-sans-font-family has-small-font-size\"><strong><strong>SOPORTE T\u00c9CNICO Y OPERACIONES DE CENTROS DE COMPUTO<\/strong><\/strong><\/p>\n<\/div>\n\n\n\n<div class=\"wp-block-column is-layout-flow wp-block-column-is-layout-flow\" style=\"flex-basis:25%\">\n<figure class=\"wp-block-image size-large\"><img loading=\"lazy\" decoding=\"async\" width=\"1024\" height=\"1024\" src=\"https:\/\/cetprofeyalegria23.edu.pe\/wp-content\/uploads\/2025\/11\/IMAGEN-ICONO-PERSONA-1024x1024.jpg\" alt=\"\" class=\"wp-image-272\" style=\"aspect-ratio:1;object-fit:cover\" srcset=\"https:\/\/cetprofeyalegria23.edu.pe\/wp-content\/uploads\/2025\/11\/IMAGEN-ICONO-PERSONA-1024x1024.jpg 1024w, https:\/\/cetprofeyalegria23.edu.pe\/wp-content\/uploads\/2025\/11\/IMAGEN-ICONO-PERSONA-300x300.jpg 300w, https:\/\/cetprofeyalegria23.edu.pe\/wp-content\/uploads\/2025\/11\/IMAGEN-ICONO-PERSONA-150x150.jpg 150w, https:\/\/cetprofeyalegria23.edu.pe\/wp-content\/uploads\/2025\/11\/IMAGEN-ICONO-PERSONA-768x768.jpg 768w, https:\/\/cetprofeyalegria23.edu.pe\/wp-content\/uploads\/2025\/11\/IMAGEN-ICONO-PERSONA.jpg 1280w\" sizes=\"auto, (max-width: 1024px) 100vw, 1024px\" \/><figcaption class=\"wp-element-caption\">PROF. FRANCISCO GARCIA MEDRANO<\/figcaption><\/figure>\n\n\n\n<p class=\"has-text-align-center has-dm-sans-font-family has-small-font-size\"><strong>ELECTRICIDAD Y ELECTR\u00d3NICA<\/strong><\/p>\n<\/div>\n\n\n\n<div class=\"wp-block-column is-layout-flow wp-block-column-is-layout-flow\" style=\"flex-basis:25%\">\n<figure class=\"wp-block-image size-large\"><img loading=\"lazy\" decoding=\"async\" width=\"1024\" height=\"1024\" src=\"https:\/\/cetprofeyalegria23.edu.pe\/wp-content\/uploads\/2025\/11\/IMAGEN-ICONO-PERSONA-1024x1024.jpg\" alt=\"\" class=\"wp-image-272\" style=\"aspect-ratio:1;object-fit:cover\" srcset=\"https:\/\/cetprofeyalegria23.edu.pe\/wp-content\/uploads\/2025\/11\/IMAGEN-ICONO-PERSONA-1024x1024.jpg 1024w, https:\/\/cetprofeyalegria23.edu.pe\/wp-content\/uploads\/2025\/11\/IMAGEN-ICONO-PERSONA-300x300.jpg 300w, https:\/\/cetprofeyalegria23.edu.pe\/wp-content\/uploads\/2025\/11\/IMAGEN-ICONO-PERSONA-150x150.jpg 150w, https:\/\/cetprofeyalegria23.edu.pe\/wp-content\/uploads\/2025\/11\/IMAGEN-ICONO-PERSONA-768x768.jpg 768w, https:\/\/cetprofeyalegria23.edu.pe\/wp-content\/uploads\/2025\/11\/IMAGEN-ICONO-PERSONA.jpg 1280w\" sizes=\"auto, (max-width: 1024px) 100vw, 1024px\" \/><figcaption class=\"wp-element-caption\">PROF. JESUS A. FELIX MALDONADO<\/figcaption><\/figure>\n\n\n\n<p class=\"has-text-align-center has-dm-sans-font-family has-small-font-size\"><strong>SOPORTE T\u00c9CNICO Y OPERACIONES DE CENTROS DE COMPUTO<\/strong><\/p>\n<\/div>\n\n\n\n<div class=\"wp-block-column is-layout-flow wp-block-column-is-layout-flow\" style=\"flex-basis:25%\">\n<p class=\"has-text-align-center\"><\/p>\n<\/div>\n<\/div>\n\n\n\n<h2 class=\"wp-block-heading has-text-align-center has-cm-color-3-color has-cm-color-2-background-color has-text-color has-background has-link-color wp-elements-d601633e5b5f7f8186d82aa5c287d9e0\">PERSONAL ADMINISTRATIVO<\/h2>\n\n\n\n<div class=\"wp-block-columns is-layout-flex wp-container-core-columns-is-layout-28f84493 wp-block-columns-is-layout-flex\">\n<div class=\"wp-block-column is-layout-flow wp-block-column-is-layout-flow\" style=\"flex-basis:25%\">\n<figure class=\"wp-block-image size-large\"><img loading=\"lazy\" decoding=\"async\" width=\"1024\" height=\"1024\" src=\"https:\/\/cetprofeyalegria23.edu.pe\/wp-content\/uploads\/2025\/11\/IMAGEN-ICONO-PERSONA-1024x1024.jpg\" alt=\"\" class=\"wp-image-272\" style=\"aspect-ratio:1;object-fit:cover\" srcset=\"https:\/\/cetprofeyalegria23.edu.pe\/wp-content\/uploads\/2025\/11\/IMAGEN-ICONO-PERSONA-1024x1024.jpg 1024w, https:\/\/cetprofeyalegria23.edu.pe\/wp-content\/uploads\/2025\/11\/IMAGEN-ICONO-PERSONA-300x300.jpg 300w, https:\/\/cetprofeyalegria23.edu.pe\/wp-content\/uploads\/2025\/11\/IMAGEN-ICONO-PERSONA-150x150.jpg 150w, https:\/\/cetprofeyalegria23.edu.pe\/wp-content\/uploads\/2025\/11\/IMAGEN-ICONO-PERSONA-768x768.jpg 768w, https:\/\/cetprofeyalegria23.edu.pe\/wp-content\/uploads\/2025\/11\/IMAGEN-ICONO-PERSONA.jpg 1280w\" sizes=\"auto, (max-width: 1024px) 100vw, 1024px\" \/><figcaption class=\"wp-element-caption\">SRTA. RUTH QUISPE JARA<\/figcaption><\/figure>\n<\/div>\n\n\n\n<div class=\"wp-block-column is-layout-flow wp-block-column-is-layout-flow\" style=\"flex-basis:25%\"><\/div>\n\n\n\n<div class=\"wp-block-column is-layout-flow wp-block-column-is-layout-flow\" style=\"flex-basis:25%\"><\/div>\n\n\n\n<div class=\"wp-block-column is-layout-flow wp-block-column-is-layout-flow\" style=\"flex-basis:25%\"><\/div>\n<\/div>\n<\/div>\n\n\n\n<p><\/p>\n","protected":false},"excerpt":{"rendered":"<p>NOSOTROS Bienvenidos a nuestro portal institucional en nombre de la comunidad educativa CETPRO FE Y ALEGRIA N\u00b0 23. Somos una<\/p>\n","protected":false},"author":1,"featured_media":0,"parent":0,"menu_order":0,"comment_status":"closed","ping_status":"closed","template":"","meta":{"colormag_page_container_layout":"default_layout","colormag_page_sidebar_layout":"default_layout","footnotes":""},"class_list":["post-255","page","type-page","status-publish","hentry"],"_links":{"self":[{"href":"https:\/\/cetprofeyalegria23.edu.pe\/index.php\/wp-json\/wp\/v2\/pages\/255","targetHints":{"allow":["GET"]}}],"collection":[{"href":"https:\/\/cetprofeyalegria23.edu.pe\/index.php\/wp-json\/wp\/v2\/pages"}],"about":[{"href":"https:\/\/cetprofeyalegria23.edu.pe\/index.php\/wp-json\/wp\/v2\/types\/page"}],"author":[{"embeddable":true,"href":"https:\/\/cetprofeyalegria23.edu.pe\/index.php\/wp-json\/wp\/v2\/users\/1"}],"replies":[{"embeddable":true,"href":"https:\/\/cetprofeyalegria23.edu.pe\/index.php\/wp-json\/wp\/v2\/comments?post=255"}],"version-history":[{"count":15,"href":"https:\/\/cetprofeyalegria23.edu.pe\/index.php\/wp-json\/wp\/v2\/pages\/255\/revisions"}],"predecessor-version":[{"id":306,"href":"https:\/\/cetprofeyalegria23.edu.pe\/index.php\/wp-json\/wp\/v2\/pages\/255\/revisions\/306"}],"wp:attachment":[{"href":"https:\/\/cetprofeyalegria23.edu.pe\/index.php\/wp-json\/wp\/v2\/media?parent=255"}],"curies":[{"name":"wp","href":"https:\/\/api.w.org\/{rel}","templated":true}]}}