{"id":142,"date":"2025-11-07T14:10:14","date_gmt":"2025-11-07T14:10:14","guid":{"rendered":"https:\/\/cetprofeyalegria23.edu.pe\/?page_id=142"},"modified":"2025-11-17T05:15:48","modified_gmt":"2025-11-17T05:15:48","slug":"quienes-somos","status":"publish","type":"page","link":"https:\/\/cetprofeyalegria23.edu.pe\/index.php\/quienes-somos\/","title":{"rendered":"Quienes Somos"},"content":{"rendered":"\n<h2 class=\"wp-block-heading has-text-align-left has-cm-color-3-color has-cm-color-2-background-color has-text-color has-background has-link-color wp-elements-ecd1a8f390b977b70663af7013bf995d\">Quienes Somos<\/h2>\n\n\n\n<div class=\"wp-block-group is-layout-constrained wp-block-group-is-layout-constrained\">\n<div class=\"wp-block-columns is-layout-flex wp-container-core-columns-is-layout-28f84493 wp-block-columns-is-layout-flex\">\n<div class=\"wp-block-column is-layout-flow wp-block-column-is-layout-flow\">\n<p class=\"has-text-align-center\"><p style=\"text-align: justify;\">Nuestro Centro de Educaci\u00f3n T\u00e9cnico Productivo \u201cFe y Alegr\u00eda N\u00ba 23\u201d, forma parte de la Instituci\u00f3n Cat\u00f3lica de Fe y Alegr\u00eda del Per\u00fa que tiene como misi\u00f3n una educaci\u00f3n integral y de calidad en los sectores populares. La Direcci\u00f3n est\u00e1 a cargo de las Hermanas del Amor de Dios cuyo principio educativo es el amor. Por lo que el Centro participa del ideario y carisma de los centros educativos de la Congregaci\u00f3n y del ideario y m\u00edstica de Fe y Alegr\u00eda.&nbsp;Jur\u00eddicamente se enmarca dentro de los Colegios P\u00fablicos de Convenio. Promovido por Fe y Alegr\u00eda del Per\u00fa y gestionado por las Hnas. Del Amor de Dios. El Estado financia las planillas del personal, por lo que la educaci\u00f3n es gratuita.<strong><\/strong><\/p><\/p>\n<\/div>\n<\/div>\n<\/div>\n\n\n\n<hr class=\"wp-block-separator has-alpha-channel-opacity\"\/>\n","protected":false},"excerpt":{"rendered":"<p>Quienes Somos Nuestro Centro de Educaci\u00f3n T\u00e9cnico Productivo \u201cFe y Alegr\u00eda N\u00ba 23\u201d, forma parte de la Instituci\u00f3n Cat\u00f3lica de<\/p>\n","protected":false},"author":1,"featured_media":0,"parent":0,"menu_order":0,"comment_status":"closed","ping_status":"closed","template":"","meta":{"colormag_page_container_layout":"default_layout","colormag_page_sidebar_layout":"default_layout","footnotes":""},"class_list":["post-142","page","type-page","status-publish","hentry"],"_links":{"self":[{"href":"https:\/\/cetprofeyalegria23.edu.pe\/index.php\/wp-json\/wp\/v2\/pages\/142","targetHints":{"allow":["GET"]}}],"collection":[{"href":"https:\/\/cetprofeyalegria23.edu.pe\/index.php\/wp-json\/wp\/v2\/pages"}],"about":[{"href":"https:\/\/cetprofeyalegria23.edu.pe\/index.php\/wp-json\/wp\/v2\/types\/page"}],"author":[{"embeddable":true,"href":"https:\/\/cetprofeyalegria23.edu.pe\/index.php\/wp-json\/wp\/v2\/users\/1"}],"replies":[{"embeddable":true,"href":"https:\/\/cetprofeyalegria23.edu.pe\/index.php\/wp-json\/wp\/v2\/comments?post=142"}],"version-history":[{"count":4,"href":"https:\/\/cetprofeyalegria23.edu.pe\/index.php\/wp-json\/wp\/v2\/pages\/142\/revisions"}],"predecessor-version":[{"id":310,"href":"https:\/\/cetprofeyalegria23.edu.pe\/index.php\/wp-json\/wp\/v2\/pages\/142\/revisions\/310"}],"wp:attachment":[{"href":"https:\/\/cetprofeyalegria23.edu.pe\/index.php\/wp-json\/wp\/v2\/media?parent=142"}],"curies":[{"name":"wp","href":"https:\/\/api.w.org\/{rel}","templated":true}]}}